r + 187059. Give z(23).
46
Let x(n) = 10*n**2 + 13*n - 572. Determine x(7).
9
Let k(f) = 33*f**2 - 4151*f - 13649. What is k(129)?
25
Let b(a) = 203*a**2 + 146*a + 278. Determine b(-2).
798
Let w(g) = 20*g**2 - 2458*g - 184. What is w(123)?
62
Let f(p) = 16*p - 958. Give f(46).
-222
Let a(d) = -18*d**2 - 6726*d + 129313. Calculate a(-392).
-47
Let r(d) = -2*d**3 - 70*d**2 + 67*d + 28. Give r(-36).
208
Let u(y) = -54*y**3 - 25*y**2 + 64*y - 5. Determine u(3).
-1496
Let r(v) = -3*v**2 + 20*v + 480. What is r(-23)?
-1567
Let b(n) = -6*n**2 + 156*n + 5156. Give b(-19).
26
Let k(n) = n**2 + 925*n + 9256. Determine k(-10).
106
Let b(s) = -s**3 + 36*s**2 + 73*s + 88. Determine b(37).
1420
Let s(u) = 34*u - 4585. Determine s(135).
5
Let z(l) = -213*l**2 + l + 79. What is z(0)?
79
Let w(k) = -3*k**2 + 539*k - 6509. Determine w(13).
-9
Let h(s) = 8823*s + 5487937. Determine h(-622).
31
Let k(w) = 8*w**2 + 1023*w - 11178. Calculate k(-138).
0
Let u(s) = -583699*s - 6420684. What is u(-11)?
5
Let r(n) = n**3 + 28*n**2 + 69*n - 466. What is r(-24)?
182
Let p(u) = 24*u**2 - 1591*u + 7973. Calculate p(5).
618
Let g(k) = 7*k**2 - 475*k + 789. What is g(66)?
-69
Let j(i) = 59845*i + 1555973. What is j(-26)?
3
Let y(s) = s**2 - 91*s - 224. Calculate y(64).
-1952
Let w(z) = -z**3 - 38*z**2 - 90*z - 211. Calculate w(-35).
-736
Let a(z) = -z**2 - 121888*z - 1949922. Calculate a(-16).
30
Let o(y) = -7058*y + 1376328. What is o(195)?
18
Let x(w) = -4017*w + 15708. What is x(4)?
-360
Let c(o) = -2*o**2 - 1484*o + 531247. Calculate c(264).
79
Let d(b) = -51*b**2 - 254*b - 1032. Determine d(-4).
-832
Let u(q) = q**3 - 105*q**2 + 309*q + 405. Determine u(102).
711
Let i(d) = -28*d**3 - 59*d**2 + 10*d + 241. Give i(0).
241
Let r(d) = 7759*d + 6339101. Give r(-817).
-2
Let o(s) = -12*s**2 - 459*s - 281. Determine o(0).
-281
Let v(q) = -4914*q + 45921. Determine v(10).
-3219
Let i(q) = -7*q**2 + 3945*q + 41689. Calculate i(574).
-213
Let y(o) = 11*o**3 - 16*o**2 - 185*o - 170. Give y(-1).
-12
Let i(h) = h**2 - 70*h + 227. What is i(62)?
-269
Let o(v) = 1297*v - 1059. What is o(1)?
238
Let h(j) = -153*j - 751. Determine h(-5).
14
Let b(n) = n**3 + 61*n**2 + 900*n - 58. Calculate b(-27).
428
Let n(h) = 3*h**3 + 410*h**2 - 576*h - 115342. Determine n(-136).
-14
Let w(t) = -2*t**2 - 741*t - 66158. Calculate w(-150).
-8
Let v(i) = -6*i**2 + 1217*i - 12257. Give v(10).
-687
Let o(i) = -5*i**2 + 881*i + 8274. Calculate o(-9).
-60
Let c(t) = -t**2 + 37*t + 427. Give c(-41).
-2771
Let v(r) = r**3 - 56*r**2 + 643*r + 80. Give v(26).
-3482
Let q(t) = -t**3 - 35*t**2 + 1004*t + 408. What is q(19)?
-10
Let k(w) = 757*w - 14334. What is k(19)?
49
Let v(z) = -4*z**2 - 125*z + 641. Determine v(-51).
-3388
Let y(p) = -12*p**3 + 51*p**2 + 57*p - 270. Calculate y(4).
6
Let d(r) = 1965*r - 209449. Give d(107).
806
Let h(g) = -31*g**2 + 9455*g - 13. Determine h(305).
-13
Let d(v) = 12*v**3 + 74*v**2 - 65*v - 5. Calculate d(1).
16
Let j(f) = -f**2 - 57*f - 294. What is j(-51)?
12
Let t(u) = -89140*u + 3565592. Determine t(40).
-8
Let a(q) = -10*q**2 - 5367*q - 10697. Determine a(-2).
-3
Let g(s) = -s**3 - 7*s**2 + 32*s + 295. Determine g(-8).
103
Let m(q) = -191*q**2 + 13376*q - 403. What is m(70)?
17
Let y(i) = 15187*i - 15163. What is y(1)?
24
Let i(o) = -o**3 + 775*o**2 - 49933*o - 35903. Determine i(704).
1
Let w(a) = a**3 + 55*a**2 - 1605*a - 640. Give w(-76).
44
Let u(j) = -446*j - 2215. Calculate u(-5).
15
Let j(f) = -5*f**2 + 132*f + 143. Calculate j(27).
62
Let o(r) = -7171*r - 14255. Determine o(-2).
87
Let l(g) = 28*g**2 + 1083*g - 8607. Calculate l(8).
1849
Let d(s) = 2*s**2 - 6*s + 298. Calculate d(20).
978
Let s(w) = 2*w**3 - 8*w**2 - 42*w + 50. Determine s(1).
2
Let w(y) = -9*y**2 + 257*y + 1890. What is w(-6)?
24
Let v(j) = -j**2 + 1008*j + 74309. Give v(-69).
-4
Let o(u) = 6*u**2 + 129*u - 813. Determine o(6).
177
Let i(t) = t**3 + 42*t**2 + 199*t + 109. Give i(-8).
693
Let w(t) = t**3 + 518*t**2 + 8015*t - 8434. Determine w(-502).
100
Let x(f) = -f**3 + 135*f**2 + 1841*f - 264628. Calculate x(134).
22
Let a(h) = -1025*h**2 + 7*h + 14. What is a(0)?
14
Let l(g) = -g**3 - 376*g**2 + 1144*g + 1983. Determine l(-379).
-670
Let u(o) = o**3 + 8*o**2 + 1610*o + 11237. Determine u(-7).
16
Let s(a) = -3*a**2 + 125*a + 26. Determine s(42).
-16
Let o(p) = -p**3 + 189*p**2 - 4103*p + 107. What is o(25)?
32
Let q(n) = -7338*n + 22044. Give q(3).
30
Let b(f) = -f**2 + 34*f + 26251. Calculate b(-146).
-29
Let b(m) = 14199*m - 425928. What is b(30)?
42
Let h(p) = -110*p**2 - 8182*p + 22167. Calculate h(-77).
-9
Let n(c) = 4*c**2 + 52*c - 442. What is n(11)?
614
Let j(m) = 3*m**3 - 88*m**2 - 9227*m + 268620. Determine j(29).
196
Let o(a) = -3110972*a**2 - 12443884*a - 5. Give o(-4).
-21
Let l(g) = 168*g**2 - 2929*g + 14617. Determine l(5).
4172
Let p(r) = 33182*r - 597394. Give p(18).
-118
Let t(q) = 23*q**3 + 446*q**2 + 1753*q - 5. What is t(-14)?
-243
Let x(t) = -t**3 - 67*t**2 + 294*t + 15522. Give x(-68).
154
Let x(o) = 8*o**2 - 373*o - 3135. Determine x(-7).
-132
Let b(y) = -y**2 - 532*y + 4334. Determine b(8).
14
Let a(k) = k**3 + 211*k**2 + 610*k - 2893. Calculate a(-208).
19
Let d(i) = 7796*i - 39093. What is d(5)?
-113
Let o(m) = 41*m**2 - 1646*m + 3133. Determine o(2).
5
Let q(o) = -40*o**2 - 688*o + 3311. Calculate q(4).
-81
Let v(x) = -5*x**3 + 189*x**2 - 585*x + 31. What is v(3)?
-158
Let q(y) = 27*y**2 - 61*y + 134. What is q(6)?
740
Let t(o) = -14*o**2 + 18*o + 1. What is t(6)?
-395
Let l(i) = i**2 - 10*i - 21799. Give l(153).
80
Let a(p) = 3*p**2 - 563*p - 27223. Give a(-40).
97
Let g(k) = -122270*k + 13816518. What is g(113)?
8
Let s(g) = -98404*g + 6888275. Determine s(70).
-5
Let z(v) = 9*v**3 + 599*v**2 - 313*v - 430. Determine z(-67).
2585
Let z(t) = 11*t**2 - 235*t + 166. Calculate z(24).
862
Let s(q) = 18*q**3 - 627*q**2 - 103*q - 35. What is s(35)?
35
Let l(g) = -2*g**2 + 442*g - 12614. Determine l(29).
-1478
Let a(b) = 8*b**2 + 1874*b + 27968. What is a(-16)?
32
Let p(w) = -28*w + 3245. Determine p(121).
-143
Let t(y) = 5105*y + 137895. Determine t(-27).
60
Let f(b) = 14*b**2 + 4*b - 216. Calculate f(-5).
114
Let o(f) = f**3 - 41*f**2 + 2335*f - 16556. What is o(8)?
12
Let i(h) = 141*h + 6013. Determine i(-52).
-1319
Let l(i) = 468*i - 4708. Determine l(10).
-28
Let p(m) = 90*m**3 - 1434*m**2 + 2438*m - 25. Give p(14).
3
Let n(h) = -8*h**2 + 476*h + 84. What is n(59)?
320
Let w(q) = -87875*q - 1054504. What is w(-12)?
-4
Let g(h) = -386*h**2 + 245*h - 488. Give g(2).
-1542
Let u(a) = -a**3 - 7*a**2 + 20*a + 222. Give u(-6).
66
Let b(y) = y**3 - 64*y**2 - 60*y - 350. Determine b(65).
-25
Let f(h) = 32*h**2 + 1004*h - 2959. Give f(-34).
-103
Let f(q) = -5*q**3 - 88*q**2 + 13*q - 425. Calculate f(-18).
-11
Let t(a) = a**2 - 43*a - 56. Calculate t(19).
-512
Let w(g) = 64*g + 9667. Calculate w(-156).
-317
Let y(q) = 31863*q - 1465687. Determine y(46).
11
Let d(p) = 68*p**2 + 1368*p + 6286. Give d(-13).
-6
Let y(q) = 54023*q + 1944816. Calculate y(-36).
-12
Let i(m) = -364183*m - 728408. Give i(-2).
-42
Let j(r) = -340304*r - 2041816. What is j(-6)?
8
Let g(t) = -378*t**2 - 4160*t + 10. Give g(-11).
32
Let z(m) = -20*m**2 + 134*m - 29. What is z(12)?
-1301
Let j(n) = 46*n**3 + 330*n**2 + 90*n + 230. Calculate j(-7).
-8
Let t(x) = -3*x**3 - 2690*x**2 + 11695*x - 16211. What is t(-901)?
7
Let p(l) = 1351*l - 2508. Determine p(3).
1545
Let f(m) = 20*m**2 - 5226*m + 5227. Determine f(1).
21
Let f(i) = -6*i**2 + 16*i - 47. Determine f(22).
-2599
Let p(h) = -2*h**3 - 7*h**2 + 3536*h - 1223. What is p(-44)?
9
Let h(p) = p**3 - 219*p**2 + 7163*p - 110. What is h(40)?
10
Let l(k) = 8731*k - 20. What is l(0)?
-20
Let r(s) = -11*s**2 - 142*s - 2092. What is r(-14)?
-2260
Let s(o) = -40*o**2 - 677*o - 42. Give s(-19).
-1619
Let n(k) = 2*k**3 - 23*k**2 - 56*k + 184. Calculate n(13).
-37
Let m(o) = o**3 - 148*o**2 + 256*o - 16598. Determine m(147).
-575
Let t(c) = 8981*c - 98316. Give t(11).
475
Let f(m) = -17*m - 134. What is f(-6)?
-32
Let t(y) = 20300*y - 406017. Give t(20).
-17
Let i(y) = -11*y**3 - 112*y**2 - 61*y - 400. Give i(-10).
10
Let h(n) = -n**3 + 20*n**2 - 37*n - 537. Calculate h(14).
121
Let y(x) = -22224*x - 200122. Calculate y(-9).
-106
Let y(f) = -2*f**3 - 18*f**2 +